{"id":17992,"date":"2020-06-19T14:11:47","date_gmt":"2020-06-19T18:11:47","guid":{"rendered":"https:\/\/www.adventist.ca\/services\/ministere-des-premieres-nations\/national-indigenous-peoples-day\/"},"modified":"2023-03-22T12:33:31","modified_gmt":"2023-03-22T16:33:31","slug":"national-indigenous-peoples-day","status":"publish","type":"page","link":"https:\/\/www.adventist.ca\/fr\/services\/ministere-des-premieres-nations\/national-indigenous-peoples-day\/","title":{"rendered":"Journ\u00e9e nationale des peuples autochtones"},"content":{"rendered":"\n<p>Le 21 juin 2023 est la Journ\u00e9e nationale des peuples autochtones et juin est le Mois national de l&rsquo;histoire autochtone au Canada. L&rsquo;\u00c9glise adventiste du septi\u00e8me jour au Canada se joint aux Canadiens pour comm\u00e9morer cette journ\u00e9e et ce mois importants. Nous reconnaissons le traitement historique et les luttes pass\u00e9es et actuelles des peuples autochtones au Canada et nous sommes reconnaissants de leur force et de leur r\u00e9silience \u00e0 travers les si\u00e8cles. Nous nous engageons \u00e0 \u00e9couter, \u00e0 apprendre et \u00e0 \u00e9tablir des relations plus saines avec les communaut\u00e9s autochtones du Canada. Nous encourageons nos membres \u00e0 c\u00e9l\u00e9brer cette journ\u00e9e, \u00e0 honorer ce mois et \u00e0 nouer des liens avec nos voisins autochtones.<\/p>\n\n\n\n<h3 class=\"wp-block-heading\"><strong>Ressources<\/strong> :<\/h3>\n\n\n\n<p><strong>\u00c0 propos de la Journ\u00e9e nationale des peuples autochtones<\/strong><br><a href=\"https:\/\/www.rcaanc-cirnac.gc.ca\/fra\/1100100013718\/1534874583157\">https:\/\/www.rcaanc-cirnac.gc.ca\/fra\/1100100013718\/1534874583157<\/a><\/p>\n\n\n\n<p><strong>\u00c0 propos du Mois national de l&rsquo;histoire autochtone<\/strong><br><a href=\"https:\/\/www.rcaanc-cirnac.gc.ca\/fra\/1466616436543\/1534874922512\">https:\/\/www.rcaanc-cirnac.gc.ca\/fra\/1466616436543\/1534874922512<\/a><\/p>\n\n\n\n<p><strong><strong>Histoire autochtone au Canada<\/strong><\/strong><br><a href=\"https:\/\/www.canada.ca\/fr\/services\/culture\/histoire-patrimoine\/histoire-autochtone.html\">https:\/\/www.canada.ca\/fr\/services\/culture\/histoire-patrimoine\/histoire-autochtone.html<\/a><\/p>\n","protected":false},"excerpt":{"rendered":"<p>Le 21 juin 2023 est la Journ\u00e9e nationale des peuples autochtones et juin est le Mois national de l&rsquo;histoire autochtone au Canada. L&rsquo;\u00c9glise adventiste du septi\u00e8me jour au Canada se joint aux Canadiens pour comm\u00e9morer cette journ\u00e9e et ce mois importants. Nous reconnaissons le traitement historique et les luttes pass\u00e9es et actuelles des peuples autochtones &hellip; <a href=\"https:\/\/www.adventist.ca\/fr\/services\/ministere-des-premieres-nations\/national-indigenous-peoples-day\/\">Continued<\/a><\/p>\n","protected":false},"author":1,"featured_media":0,"parent":990,"menu_order":0,"comment_status":"closed","ping_status":"closed","template":"","meta":[],"class_list":["post-17992","page","type-page","status-publish","hentry","odd"],"_links":{"self":[{"href":"https:\/\/www.adventist.ca\/fr\/wp-json\/wp\/v2\/pages\/17992","targetHints":{"allow":["GET"]}}],"collection":[{"href":"https:\/\/www.adventist.ca\/fr\/wp-json\/wp\/v2\/pages"}],"about":[{"href":"https:\/\/www.adventist.ca\/fr\/wp-json\/wp\/v2\/types\/page"}],"author":[{"embeddable":true,"href":"https:\/\/www.adventist.ca\/fr\/wp-json\/wp\/v2\/users\/1"}],"replies":[{"embeddable":true,"href":"https:\/\/www.adventist.ca\/fr\/wp-json\/wp\/v2\/comments?post=17992"}],"version-history":[{"count":6,"href":"https:\/\/www.adventist.ca\/fr\/wp-json\/wp\/v2\/pages\/17992\/revisions"}],"predecessor-version":[{"id":18738,"href":"https:\/\/www.adventist.ca\/fr\/wp-json\/wp\/v2\/pages\/17992\/revisions\/18738"}],"up":[{"embeddable":true,"href":"https:\/\/www.adventist.ca\/fr\/wp-json\/wp\/v2\/pages\/990"}],"wp:attachment":[{"href":"https:\/\/www.adventist.ca\/fr\/wp-json\/wp\/v2\/media?parent=17992"}],"curies":[{"name":"wp","href":"https:\/\/api.w.org\/{rel}","templated":true}]}}

Journée nationale des peuples autochtones

<p>Le 21 juin 2023 est la Journée nationale des peuples autochtones et juin est le Mois national de l&rsquo;histoire autochtone au Canada. L&rsquo;Église adventiste du septième jour au Canada se joint aux Canadiens pour commémorer cette journée et ce mois importants. Nous reconnaissons le traitement historique et les luttes passées et actuelles des peuples autochtones au Canada et nous sommes reconnaissants de leur force et de leur résilience à travers les siècles. Nous nous engageons à écouter, à apprendre et à établir des relations plus saines avec les communautés autochtones du Canada. Nous encourageons nos membres à célébrer cette journée, à honorer ce mois et à nouer des liens avec nos voisins autochtones.</p>



<h3 class="wp-block-heading"><strong>Ressources</strong> :</h3>



<p><strong>À propos de la Journée nationale des peuples autochtones</strong><br><a href="https://www.rcaanc-cirnac.gc.ca/fra/1100100013718/1534874583157">https://www.rcaanc-cirnac.gc.ca/fra/1100100013718/1534874583157</a></p>



<p><strong>À propos du Mois national de l&rsquo;histoire autochtone</strong><br><a href="https://www.rcaanc-cirnac.gc.ca/fra/1466616436543/1534874922512">https://www.rcaanc-cirnac.gc.ca/fra/1466616436543/1534874922512</a></p>



<p><strong><strong>Histoire autochtone au Canada</strong></strong><br><a href="https://www.canada.ca/fr/services/culture/histoire-patrimoine/histoire-autochtone.html">https://www.canada.ca/fr/services/culture/histoire-patrimoine/histoire-autochtone.html</a></p>

<p>Le 21 juin 2023 est la Journée nationale des peuples autochtones et juin est le Mois national de l&rsquo;histoire autochtone au Canada. L&rsquo;Église adventiste du septième jour au Canada se joint aux Canadiens pour commémorer cette journée et ce mois importants. Nous reconnaissons le traitement historique et les luttes passées et actuelles des peuples autochtones &hellip; <a href="https://www.adventist.ca/fr/services/ministere-des-premieres-nations/national-indigenous-peoples-day/">Continued</a></p>
